{"id":1515,"date":"2017-08-11T11:49:21","date_gmt":"2017-08-11T10:49:21","guid":{"rendered":"http:\/\/www.psa.org.pl\/?page_id=1515"},"modified":"2017-08-11T11:49:21","modified_gmt":"2017-08-11T10:49:21","slug":"wies-polska-zaprasza","status":"publish","type":"page","link":"http:\/\/www.psa.org.pl\/index.php\/wies-polska-zaprasza\/","title":{"rendered":"Wie\u015b Polska Zaprasza"},"content":{"rendered":"<p><img loading=\"lazy\" decoding=\"async\" class=\"alignleft size-full wp-image-1516\" src=\"http:\/\/www.psa.org.pl\/pliki\/2017\/08\/200x200.jpg\" alt=\"\" width=\"200\" height=\"200\" \/><\/p>\n<p>Zach\u0119camy do pobrania aplikacji Agroturystyka \u201eWie\u015b Polska Zaprasza\u201d. Aplikacja jest dost\u0119pna dla u\u017cytkownik\u00f3w smartfon\u00f3w z systemem Android, iOS oraz Windows Phone. Zawiera baz\u0119 ponad 1000 gospodarstw agroturystycznych zlokalizowanych na terenie ca\u0142ego kraju oraz informacje dotycz\u0105ce atrakcji oraz imprez odbywaj\u0105cych si\u0119 na terenach wiejskich. Aplikacja pos\u0142uguje si\u0119 lokalizacj\u0105 GPS, a do jej prawid\u0142owego funkcjonowania nie jest potrzebne po\u0142\u0105czenie z Internetem. Aplikacja umo\u017cliwia zapoznanie si\u0119 z ofertami tematycznymi gospodarstw agroturystycznych, to znaczy kwater specjalnie przygotowanych na pobyt rodzin z dzie\u0107mi, w\u0119dkarzy, grzybiarzy.\u00a0 Turyst\u0119 z pewno\u015bci\u0105 zainteresuje r\u00f3wnie\u017c oferta wypoczynku w kwaterze u rolnika lub ekorolnika, a tak\u017ce oferta \u201eHit\u00f3w Turystyki Wiejskiej\u201d, jako produkt\u00f3w turystycznych o niezwykle ciekawej i r\u00f3\u017cnorodnej ofercie, kt\u00f3re r\u00f3wnie\u017c wchodz\u0105 w sk\u0142ad aplikacji. Aplikacja mo\u017cliwa jest do pobrania w Sklepie Google Play oraz na stronie  <a href=\"http:\/\/www.agroturystyka.pl\/app\/\" target=\"_blank\" rel=\"noopener\" data-saferedirecturl=\"https:\/\/www.google.com\/url?hl=pl&amp;q=http:\/\/www.agroturystyka.pl\/app\/&amp;source=gmail&amp;ust=1502530758914000&amp;usg=AFQjCNEB5VZBedIHSgTUQf9S5-GhAUlnug\">http:\/\/www.agroturystyka.pl\/app\/<\/a> .<\/p>\n","protected":false},"excerpt":{"rendered":"<p>Zach\u0119camy do pobrania aplikacji Agroturystyka \u201eWie\u015b Polska Zaprasza\u201d. Aplikacja jest dost\u0119pna dla u\u017cytkownik\u00f3w smartfon\u00f3w z systemem Android, iOS oraz Windows Phone. Zawiera baz\u0119 ponad 1000 gospodarstw agroturystycznych zlokalizowanych na terenie ca\u0142ego kraju oraz informacje dotycz\u0105ce atrakcji oraz imprez odbywaj\u0105cych si\u0119 na terenach wiejskich. Aplikacja pos\u0142uguje si\u0119 lokalizacj\u0105 GPS, a do jej prawid\u0142owego funkcjonowania nie jest [&hellip;]<\/p>\n","protected":false},"author":3,"featured_media":0,"parent":0,"menu_order":0,"comment_status":"closed","ping_status":"closed","template":"","meta":{"footnotes":""},"class_list":["post-1515","page","type-page","status-publish","hentry"],"_links":{"self":[{"href":"http:\/\/www.psa.org.pl\/index.php\/wp-json\/wp\/v2\/pages\/1515","targetHints":{"allow":["GET"]}}],"collection":[{"href":"http:\/\/www.psa.org.pl\/index.php\/wp-json\/wp\/v2\/pages"}],"about":[{"href":"http:\/\/www.psa.org.pl\/index.php\/wp-json\/wp\/v2\/types\/page"}],"author":[{"embeddable":true,"href":"http:\/\/www.psa.org.pl\/index.php\/wp-json\/wp\/v2\/users\/3"}],"replies":[{"embeddable":true,"href":"http:\/\/www.psa.org.pl\/index.php\/wp-json\/wp\/v2\/comments?post=1515"}],"version-history":[{"count":1,"href":"http:\/\/www.psa.org.pl\/index.php\/wp-json\/wp\/v2\/pages\/1515\/revisions"}],"predecessor-version":[{"id":1517,"href":"http:\/\/www.psa.org.pl\/index.php\/wp-json\/wp\/v2\/pages\/1515\/revisions\/1517"}],"wp:attachment":[{"href":"http:\/\/www.psa.org.pl\/index.php\/wp-json\/wp\/v2\/media?parent=1515"}],"curies":[{"name":"wp","href":"https:\/\/api.w.org\/{rel}","templated":true}]}}